ime number?
False
Let d be (-2 + 1)/((-4)/(-60)*-3). Let j be ((-2)/d)/((-2)/10) + -164. Let f = j - -341. Is f a prime number?
True
Suppose -3*f = 4*c - 206, -89 = -2*c - 5*f + 21. Is 1 - (17029/(-5) + (-10)/c) composite?
False
Suppose 16*d + 19008 = -15072. Let v = -1415 - d. Suppose 0 = 10*h - 5*h - v. Is h a prime number?
False
Suppose 2*c = -c + 6. Suppose 0 = 2*b - c*d - 42249 + 9039, d = -b + 16613. Is b composite?
True
Suppose 3*q - 8*q + 110576 = -3*s, 2*s - 5*q = -73714. Is ((-3)/(-2) + -2)*s/7 a composite number?
False
Suppose 173*p + 1453085 + 1762449 = 187*p. Is p composite?
False
Let z(m) = 57*m**3 + 2*m**2 + m - 1. Let d be z(2). Suppose -d = -8*j + 2743. Is j composite?
False
Suppose -2*p + 13 = 13. Let i = 0 + p. Suppose 3*c - 6 = i, -5*k + 545 = 5*c - 10*c. Is k a composite number?
True
Suppose 0 = 26*d + 10*d - 2740320. Suppose d = 5*h + n + 4*n, 0 = -2*h + 5*n + 30469. Is h a composite number?
False
Let z(k) = 140*k**2 + 450*k - 207. Is z(56) a prime number?
True
Let i(a) = -5*a + 57. Let c be i(0). Let p = c - 56. Is 7/((-1*(0 - p))/5) a prime number?
False
Suppose -f - 4*f - 2*x - 3136 = 0, -2*f - 3*x = 1261. Let r = 1093 + f. Is r a composite number?
False
Suppose 4*o - z - 1688 = 3*o, -3*o = -4*z - 5067. Suppose -28720 = -15*c + o. Is c a composite number?
False
Let m(z) = 632*z**2 + 12*z + 8. Let n be m(-4). Is (0 + n/16)*2 composite?
False
Suppose -21930403 = 114*p - 235*p. Is p a prime number?
True
Suppose 10*r - 9*r = -16050. Let k be ((-6)/(-5))/((-9)/r). Suppose 21*t = 17*t + k. Is t a composite number?
True
Is -2 - 0 - 1794158*(9/6)/(-3) composite?
False
Suppose 0 = -5*z + b - 24, -4*z - 1 = -2*b + 23. Is (-2)/z - (-77610)/20 a composite number?
False
Let l be (27 + -25)/(4/6). Suppose -3*z - i + 38947 = 0, -4*z - l*i = -5*i - 51926. Let m = z - 7079. Is m composite?
False
Let g(x) = x**2 + 37*x + 228. Let u be g(-8). Is 4 + (-22)/(-55)*(-264490)/u a prime number?
False
Suppose 0 = 1588*a - 1572*a - 108816. Is a prime?
False
Is (-5)/(-140) + (-403153595)/(-1820) composite?
True
Let p be -124618 - (4 + -8 - -7). Is 6/45 - p/105 prime?
True
Suppose -1702790 + 174525 = -19*a. Is a composite?
True
Let p = 45637 - 32556. Is p prime?
False
Let w be 42/(-8) + 14/56. Is (1 - -2)*w*1461/(-45) a prime number?
True
Let v = 188223 + -11319. Is v/130 - 1/(-5) composite?
False
Let z(o) = 47645*o**2 - 11*o - 29. Is z(-2) prime?
True
Let h be ((4 + -4)/(-5))/(-2). Suppose 3*v + h*v = 6. Suppose -r - d - 23 = -859, -r + v*d = -851. Is r a composite number?
True
Let q(n) = 287*n**3 - 2*n + 2. Suppose 5*i - 4*i + m - 1 = 0, -2*m - 1 = i. Let z be q(i). Suppose 0 = 3*g + 8*a - 4*a - z, -g + 2*a + 2575 = 0. Is g prime?
True
Is (10/(-1) - (-1396052)/140)/(6/20) composite?
True
Let k(y) = -y**2 - y - 2. Let i be k(-2). Is i/(-22) + 19061*4/44 composite?
False
Let z be 1 - (-4)/(-24)*3*0. Let b be (0 - -12)*z/12*8. Is 573/((-2)/b*-4) a composite number?
True
Suppose -7121 = -2*f - 263. Let u = f - -1154. Is u composite?
False
Suppose -5*v - 2*r + 153 + 482 = 0, v + 3*r = 127. Is v a composite number?
False
Let b = 50961 + 802. Is b composite?
True
Let f be 76/(-12)*1*-3. Suppose 82 = 3*v + f. Is 2*1/14 + 25302/v a composite number?
True
Let h = -641 + 645. Let o(z) = 2763*z + 101. Is o(h) a prime number?
False
Suppose -21131385 = -169*y - 16*y - 1228900. Is y composite?
False
Let n(p) = 1444*p + 5. Let i be n(1). Let d = -818 + i. Is d a composite number?
False
Is 4*(-220809)/(-12)*1 prime?
False
Let q(c) = 6231*c**3 + 11*c**2 + 36*c - 171. Is q(4) prime?
True
Let j be (-3)/(-4) - 3578/(-8). Suppose 0 = 4*d - 3*a - 890, -4*d = -2*d - 3*a - j. Suppose w - d = 110. Is w prime?
True
Let x be (1 + -1)/(10 - 11). Let f(o) = o**2 + 2*o + 2. Let v be f(x). Suppose v*q - 3*t - 1066 - 102 = 0, -q - 2*t = -591. Is q prime?
True
Is 245816/12*11/(110/15) prime?
True
Let q(b) = 9*b**3 + 3*b**2 - 155*b + 184. Is q(15) a composite number?
False
Let v(t) = 59354*t - 105. Is v(1) prime?
False
Let f(v) = 4315*v**2 + 4*v + 2. Suppose 0 = -5*j + 2*w + 11, 2*j + w + 2*w + 7 = 0. Is f(j) composite?
True
Suppose 3*f + 4079 = -4*t, -4*f - 2*t - 6416 = -974. Let l be (-10 - (-21692)/(-8))*2. Is (-1)/(l/f - 4) composite?
False
Let f = -81 - -38. Let r = -41 - f. Is 1/r + 9555/14 prime?
True
Let w = -215 + 216. Is 14/w*514/4 a composite number?
True
Let c be -1 + 1 + -2 + -4 + 6. Let n be c/(-3) + 0 - -3. Suppose -3 - 3 = -n*f, 5*f = -2*s + 916. Is s a prime number?
False
Suppose -2*r = 3*a - 10, 0*r + 4*a + 20 = 4*r. Suppose 1812 = -j + r*z, 5*z = j + j + 3614. Let p = -1083 - j. Is p prime?
True
Let f = 222 - -143. Let s be (-45)/(-4 - 1)*f. Let c = 6500 - s. Is c prime?
False
Let l(k) be the second derivative of 89*k**5/2 + k**4/6 - 4*k**3/3 + 3*k**2/2 + 4*k + 3. Is l(2) composite?
True
Let m = 67619 - 40440. Is m a composite number?
False
Suppose 0 = -2*j - 12 + 26. Let h(p) = 2*p**3 + 29. Let z(m) = -3*m**3 + m**2 + m - 59. Let w(i) = 5*h(i) + 3*z(i). Is w(j) prime?
True
Let m(g) = 34432*g**2 - 198*g + 937. Is m(5) a composite number?
False
Let p = 1211 - 835. Let o = p - -68. Let d = o + -47. Is d composite?
False
Let r = 38461 - 694. Suppose m - r = -4*o, -8*m = -6*m - 5*o - 75521. Is m prime?
False
Suppose 3*l = 2*f - 117204, -3*l + 2*l = -2. Suppose -19*w + 14*w = -f. Is w composite?
True
Let s = 168 - 158. Is -3*((-4)/s - 1015069/165) a composite number?
False
Let h(b) = -7244*b - 5353. Is h(-6) composite?
True
Is 10/20 + (7774977/14 - 7) composite?
False
Is 54041 - ((-7)/56*0 - -4) prime?
True
Let h(w) = w**3 + 2*w**2 - 2*w + 17764. Let n be h(0). Suppose -81*g + 85*g - n = 0. Is g composite?
False
Let w = 56 - 53. Suppose -5*s + l = 6*l - 5075, -w*s + 3060 = -2*l. Suppose t = -n + 865, -2*n = 4*t - 716 - s. Is n a composite number?
False
Suppose 41*l = 2*l - 189306. Let k = 10203 + l. Is k prime?
False
Suppose 11*u + 160 = 21*u. Suppose u*v = 7*v + 18153. Is v a composite number?
False
Suppose -w - 3*w + 180 = -5*m, 0 = -m + w - 35. Let k be 4/6 + m/(-12). Suppose -o - 4*o = 5*s - 1125, k*o = 5*s - 1107. Is s a prime number?
True
Let y be -5*(-1 - -2) - -9. Suppose -y*l + 2615 + 3525 = 0. Is l a prime number?
False
Suppose -4*i + 110213 = t, 29*t - 2*i = 27*t + 220376. Suppose 0 = a - 24*a + t. Is a prime?
False
Suppose 2*w + 0*m - 57 = -m, 4*m - 4 = 0. Suppose w*b - 12306 = 14*b. Is b a prime number?
False
Let c = 75984 + -20855. Is c prime?
False
Suppose 2*y + 46 = 5*c + 6*y, 2*c + 2*y = 20. Suppose -2*g + t - c = 0, -g - 3 = -2*t + t. Is -4 + (g - -4)*1799 a composite number?
True
Let w be ((-114)/(-9))/(((-16)/(-6))/4). Let k(t) = -3*t**2 + w - 14*t**2 + 5*t**2 - 7*t - 2*t**3. Is k(-8) prime?
True
Suppose -3*y + 9 = 0, 22*w - 25*w + y = -289056. Is w prime?
True
Let b(n) = 2823*n + 67. Let a(v) = 1412*v + 34. Let m(c) = -7*a(c) + 3*b(c). Let w be m(-5). Let d = w - 4939. Is d a prime number?
True
Let l = -16 - -41. Suppose -z = -2*k - 8, 6*k - l = k. Suppose 62 = -16*g + z*g. Is g a composite number?
False
Let u = -209 - -227. Suppose 14*o + 5*k = u*o - 17463, -4369 = -o - 2*k. Is o a composite number?
True
Let i = -1321 + 2242. Let y = i + -372. Let s = -326 + y. Is s prime?
True
Let b be (2/(-2))/((-14)/(-56280)) - 5. Let h = -1794 - b. Is h composite?
True
Suppose 4856 = 6*s - 9934. Suppose 0 = u - 3*j - s, 2*u - 3571 = 2*j + 1351. Is u a prime number?
True
Suppose -17*g = -15*g. Suppose h - 3154 + 513 = g. Is h a composite number?
True
Let y = -1810 - -85839. Is y prime?
False
Let r(l) = 7*l - 23. Let g be r(4). Suppose 25 = g*i - 0*i. Is (-381)/(-6)*i*2 a prime number?
False
Suppose 1 = -3*k + 4. Let i be (k/3)/(3*(-4)/(-180)). Suppose 0 = 5*n - 3*g - 2370, 2380 = 2*n + 3*n - i*g. Is n composite?
True
Suppose -3*o = -2*l + 31, 3*o - 10*l + 17 = -15*l. Let w(v) = -58*v + 140. Is w(o) composite?
True
Suppose -107*a + 2204645 = -22*a. Is a a prime number?
False
Let q(f) = 6*f + 5. Let j be q(0). Suppose -1 = j*n + 3*r - 27, -2*n = 2*r - 12. Is (1656 - n/(-4))*1 prime?
True
Let i = 26465 + 438. Is i prime?
True
Suppose -132906 - 217604 = -10*c. Is c a prime number?
True
Suppose -i + 4 = -r + 3*i, -3*r + i = -10. Let a(d) = 2*d**2 + 11*d - 649. Let s be a(-21). Suppose -2*t = -0*t + r, -s*k = 5*t - 2292. Is k a prime number?
True
Suppose -12*